ghest common divisor of 715448 and 166.
2
What is the highest common factor of 2021010 and 13130?
1010
What is the highest common divisor of 897612400 and 67000?
13400
What is the highest common divisor of 1530 and 114918249?
51
Calculate the greatest common divisor of 12760 and 11072.
8
Calculate the greatest common divisor of 174 and 2519607.
87
What is the highest common factor of 266 and 16776734?
38
Calculate the highest common factor of 5030475 and 29775.
75
What is the greatest common divisor of 4491322 and 44?
22
What is the greatest common factor of 84986 and 2431?
11
Calculate the greatest common divisor of 287248 and 17992.
104
What is the greatest common divisor of 2235991 and 32361?
1541
What is the highest common factor of 45543744 and 6438?
222
What is the highest common factor of 102 and 66954262?
34
What is the greatest common divisor of 1294 and 1327?
1
What is the highest common factor of 468816 and 192?
48
Calculate the greatest common factor of 114218 and 45458.
382
Calculate the highest common divisor of 1780 and 58176185.
445
Calculate the highest common divisor of 24896 and 71.
1
What is the greatest common divisor of 2219483 and 37247?
2191
What is the highest common factor of 60 and 19004080?
20
Calculate the greatest common divisor of 891 and 170049.
33
What is the greatest common divisor of 1246547 and 2534?
181
What is the greatest common factor of 71520 and 12882720?
480
Calculate the highest common factor of 293012774 and 1194.
398
What is the greatest common factor of 312 and 2115217?
13
Calculate the highest common factor of 1008 and 1193220.
252
Calculate the greatest common factor of 162528 and 67776.
96
Calculate the highest common divisor of 225594 and 100566.
2718
What is the greatest common factor of 2 and 955922?
2
What is the highest common factor of 158211534 and 78?
78
Calculate the highest common factor of 20294820 and 210.
210
What is the highest common divisor of 219 and 40449738?
219
Calculate the greatest common divisor of 4819 and 709657.
79
What is the greatest common factor of 10105078 and 262?
262
What is the greatest common factor of 1008 and 1229424?
336
Calculate the highest common factor of 4906146 and 12537.
4179
Calculate the highest common factor of 9877 and 169864.
17
What is the highest common divisor of 5615321 and 17?
17
Calculate the highest common factor of 845 and 12791155.
65
What is the highest common divisor of 644021386 and 58?
58
What is the greatest common divisor of 7176372 and 564?
12
What is the greatest common factor of 4074345 and 13695?
165
What is the highest common divisor of 43251461 and 7817?
7817
Calculate the highest common divisor of 5192432 and 5684.
196
What is the highest common divisor of 70 and 24498285?
35
Calculate the highest common divisor of 3005900 and 1100.
100
What is the greatest common divisor of 8901 and 235152?
207
What is the highest common factor of 21 and 4615956?
3
Calculate the highest common divisor of 2705164 and 616.
308
What is the greatest common divisor of 76735514 and 15016?
3754
What is the greatest common factor of 2586492 and 312012?
2916
Calculate the highest common divisor of 152582560 and 39240.
4360
What is the greatest common factor of 3232 and 156892188?
404
What is the highest common divisor of 5293 and 1560250?
79
Calculate the highest common divisor of 12498647 and 77679.
959
What is the highest common divisor of 30016 and 476?
28
Calculate the highest common divisor of 17235240 and 136488.
2904
What is the highest common divisor of 14525859 and 236?
59
What is the highest common divisor of 718365 and 14940?
1245
Calculate the greatest common divisor of 37098 and 167022.
162
Calculate the greatest common factor of 46158694 and 129.
43
What is the highest common factor of 6474 and 1839?
3
What is the greatest common factor of 370999632 and 12957?
1851
What is the greatest common factor of 19292 and 1225952?
364
Calculate the greatest common factor of 329 and 1296638350.
329
Calculate the greatest common factor of 26904 and 3479289.
177
Calculate the highest common factor of 384 and 59173248.
384
What is the greatest common factor of 1470040595 and 7685?
7685
Calculate the greatest common divisor of 457366950 and 225.
225
What is the greatest common divisor of 18330001 and 2949?
983
What is the highest common factor of 7620 and 2865?
15
Calculate the greatest common divisor of 14580335 and 385.
385
What is the greatest common factor of 468 and 8925696?
468
Calculate the greatest common factor of 12906278 and 23388.
3898
Calculate the highest common divisor of 613458 and 56736.
3546
What is the greatest common divisor of 10643167 and 3?
1
Calculate the highest common factor of 179329376 and 4.
4
Calculate the highest common factor of 1477440 and 190512.
3888
What is the greatest common divisor of 2236 and 180256?
172
Calculate the highest common factor of 654869 and 61.
1
Calculate the greatest common divisor of 490 and 1228129385.
245
Calculate the greatest common factor of 276167 and 60787.
89
Calculate the greatest common factor of 1580 and 120140.
20
What is the highest common factor of 2945 and 162146399?
589
What is the highest common factor of 198 and 22435479?
99
What is the greatest common factor of 775 and 4432465?
5
What is the greatest common divisor of 14299540 and 40?
20
Calculate the greatest common divisor of 895 and 18709975.
895
What is the highest common factor of 4369 and 253759?
17
What is the highest common factor of 1724 and 242795661?
431
Calculate the highest common divisor of 98157852 and 260.
52
Calculate the greatest common factor of 602 and 6372471.
301
What is the greatest common divisor of 14310295 and 122?
61
Calculate the greatest common factor of 528 and 30030924.
132
What is the highest common divisor of 9282 and 127528492?
3094
Calculate the highest common divisor of 2896 and 3924442.
362
What is the greatest common factor of 1530 and 27870786?
306
Calculate the highest common divisor of 6690264 and 2058.
294
What is the greatest common factor of 2094815 and 86855?
145
Calculate the highest common factor of 496356 and 3745.
7
Calculate the highest common divisor of 135 and 33544065.
15
What is the greatest common factor of 416 and 6856096?
416
What is the greatest common divisor of 704 and 2080816672?
352
What is the greatest common factor of 657709 and 105755?
13
What is the highest common factor of 24402 and 232068?
498
What is the greatest common divisor of 750 and 2639430?
30
What is the greatest common factor of 500 and 13534125?
125
What is the highest common divisor of 55256590 and 10?
10
Calculate the greatest common divisor of 43230 and 50150730.
3930
What is the greatest common divisor of 35051698 and 5368?
1342
What is the highest common factor of 5530 and 19250?
70
Calculate the greatest common divisor of 4634140 and 1330.
70
Calculate the greatest common factor of 509796 and 342363.
2499
What is the greatest common divisor of 908 and 5038144?
4
What is the greatest common divisor of 550758 and 2100774?
1794
Calculate the highest common factor of 375 and 5734175.
25
What is the highest common divisor of 114636 and 277734?
246
What is the greatest common divisor of 925 and 70796725?
925
Calculate the greatest common factor of 160484 and 11869003.
757
What is the highest common factor of 595870554 and 4701?
4701
Calculate the highest common divisor of 16023710 and 2648.
662
What is the highest common divisor of 897768 and 151182?
666
Calculate the highest common factor of 6972875 and 7928375.
11375
What is the highest common factor of 26593 and 40516?
7
What is the highest common factor of 284 and 13112209?
71
Calculate the greatest common factor of 4371 and 13469965.
1457
Calculate the greatest common factor of 19613584 and 48.
16
Calculate the highest common factor of 401897 and 5593.
799
What is the greatest common divisor of 1729 and 644651?
133
Calculate the greatest common factor of 53720 and 10127563.
1343
Calculate the greatest common factor of 864 and 17570160.
144
What is the greatest common divisor of 1885 and 364715?
65
What is the highest common factor of 18040 and 89588?
4
Calculate the highest common factor of 32757985 and 65.
65
What is the highest common d